{"id":3047,"date":"2024-10-10T00:52:40","date_gmt":"2024-10-09T17:52:40","guid":{"rendered":"https:\/\/feinicko.com\/vnd\/?post_type=product&#038;p=3047"},"modified":"2025-06-17T09:25:55","modified_gmt":"2025-06-17T02:25:55","slug":"sohy-t-shirt-white","status":"publish","type":"product","link":"https:\/\/feinicko.com\/vnd\/products\/sohy-t-shirt-white","title":{"rendered":"S\u00d6HY T-SHIRT \u201cWHITE\u201d"},"content":{"rendered":"  <style>\n    #gallery-937685092 .grid-col-1{height: 700px}\n    #gallery-937685092 .grid-col-1-2{height: 350px}\n    #gallery-937685092 .grid-col-1-3{height:233.33333333333px}\n    #gallery-937685092 .grid-col-2-3{height: 466.66666666667px}\n    #gallery-937685092 .grid-col-1-4{height: 175px}\n    #gallery-937685092 .grid-col-3-4{height: 525px}\n\n\n        \/* Tablet *\/\n    @media (max-width: 850px){\n      #gallery-937685092 .grid-col-1{height: 466.66666666667px}\n      #gallery-937685092 .grid-col-1-2{height: 233.33333333333px}\n      #gallery-937685092 .grid-col-1-3{height:155.55555555556px}\n      #gallery-937685092 .grid-col-2-3{height: 311.11111111111px}\n      #gallery-937685092 .grid-col-1-4{height: 116.66666666667px}\n      #gallery-937685092 .grid-col-3-4{height: 350px}\n    }\n    \n        \/* Mobile *\/\n    @media (max-width: 550px){\n      #gallery-937685092 .grid-col-1{height: 466.66666666667px}\n      #gallery-937685092 .grid-col-1-2{height: 233.33333333333px}\n      #gallery-937685092 .grid-col-1-3{height:155.55555555556px}\n      #gallery-937685092 .grid-col-2-3{height: 311.11111111111px}\n      #gallery-937685092 .grid-col-1-4{height: 116.66666666667px}\n      #gallery-937685092 .grid-col-3-4{height: 350px}\n    }\n    \n\n  <\/style>\n  \n  \n    <div id=\"gallery-937685092\" class=\"row row-xsmall row-grid\" data-packery-options='{\"itemSelector\": \".col\", \"gutter\": 0, \"presentageWidth\" : true}'>\n\n          <div class=\"gallery-col col grid-col grid-col-1 large-6 medium-12\" >\n          <div class=\"col-inner\">\n            <a class=\"image-lightbox lightbox-gallery\" href=\"https:\/\/feinicko.com\/vnd\/wp-content\/uploads\/2024\/10\/Feinicko-Lookbook-001115.jpg\" title=\"\">            <div class=\"box has-hover gallery-box box-overlay dark box-text-center\">\n              <div class=\"box-image image-zoom\" >\n                <img decoding=\"async\" width=\"320\" height=\"400\" data-src=\"https:\/\/feinicko.com\/vnd\/wp-content\/uploads\/2024\/10\/Feinicko-Lookbook-001115.jpg\" class=\"attachment-medium size-medium lazyload\" alt=\"\" ids=\"3121,3119,3118,3120\" style=\"--smush-placeholder-width: 320px; --smush-placeholder-aspect-ratio: 320\/400;normal\" lightbox_image_size=\"original\" type=\"grid\" grid_height=\"700px\" grid_height__sm=\"700px\" col_spacing=\"xsmall\" image_size=\"original\" image_hover=\"zoom\" data-srcset=\"https:\/\/feinicko.com\/vnd\/wp-content\/uploads\/2024\/10\/Feinicko-Lookbook-001115.jpg 2400w, https:\/\/feinicko.com\/vnd\/wp-content\/uploads\/2024\/10\/Feinicko-Lookbook-001115-300x375.jpg 300w, https:\/\/feinicko.com\/vnd\/wp-content\/uploads\/2024\/10\/Feinicko-Lookbook-001115-600x750.jpg 600w\" data-sizes=\"(max-width: 320px) 100vw, 320px\" src=\"data:image\/svg+xml;base64,PHN2ZyB3aWR0aD0iMSIgaGVpZ2h0PSIxIiB4bWxucz0iaHR0cDovL3d3dy53My5vcmcvMjAwMC9zdmciPjwvc3ZnPg==\" \/>                                  <div class=\"overlay fill\"\n                      style=\"background-color: rgba(0,0,0,.15)\">\n                  <\/div>\n                                                              <\/div>\n              <div class=\"box-text text-left dark\" >\n                 <p><\/p>\n              <\/div>\n            <\/div>\n            <\/a>          <\/div>\n         <\/div>\n                 <div class=\"gallery-col col grid-col grid-col-1 large-3 medium-6\" >\n          <div class=\"col-inner\">\n            <a class=\"image-lightbox lightbox-gallery\" href=\"https:\/\/feinicko.com\/vnd\/wp-content\/uploads\/2024\/10\/Feinicko-Lookbook-001179.jpg\" title=\"\">            <div class=\"box has-hover gallery-box box-overlay dark box-text-center\">\n              <div class=\"box-image image-zoom\" >\n                <img decoding=\"async\" width=\"320\" height=\"400\" data-src=\"https:\/\/feinicko.com\/vnd\/wp-content\/uploads\/2024\/10\/Feinicko-Lookbook-001179.jpg\" class=\"attachment-medium size-medium lazyload\" alt=\"\" ids=\"3121,3119,3118,3120\" style=\"--smush-placeholder-width: 320px; --smush-placeholder-aspect-ratio: 320\/400;normal\" lightbox_image_size=\"original\" type=\"grid\" grid_height=\"700px\" grid_height__sm=\"700px\" col_spacing=\"xsmall\" image_size=\"original\" image_hover=\"zoom\" data-srcset=\"https:\/\/feinicko.com\/vnd\/wp-content\/uploads\/2024\/10\/Feinicko-Lookbook-001179.jpg 2400w, https:\/\/feinicko.com\/vnd\/wp-content\/uploads\/2024\/10\/Feinicko-Lookbook-001179-300x375.jpg 300w, https:\/\/feinicko.com\/vnd\/wp-content\/uploads\/2024\/10\/Feinicko-Lookbook-001179-600x750.jpg 600w\" data-sizes=\"(max-width: 320px) 100vw, 320px\" src=\"data:image\/svg+xml;base64,PHN2ZyB3aWR0aD0iMSIgaGVpZ2h0PSIxIiB4bWxucz0iaHR0cDovL3d3dy53My5vcmcvMjAwMC9zdmciPjwvc3ZnPg==\" \/>                                  <div class=\"overlay fill\"\n                      style=\"background-color: rgba(0,0,0,.15)\">\n                  <\/div>\n                                                              <\/div>\n              <div class=\"box-text text-left dark\" >\n                 <p><\/p>\n              <\/div>\n            <\/div>\n            <\/a>          <\/div>\n         <\/div>\n                 <div class=\"gallery-col col grid-col grid-col-1-2 large-3 medium-6\" >\n          <div class=\"col-inner\">\n            <a class=\"image-lightbox lightbox-gallery\" href=\"https:\/\/feinicko.com\/vnd\/wp-content\/uploads\/2024\/10\/Feinicko-Lookbook-001130.jpg\" title=\"\">            <div class=\"box has-hover gallery-box box-overlay dark box-text-center\">\n              <div class=\"box-image image-zoom\" >\n                <img decoding=\"async\" width=\"320\" height=\"400\" data-src=\"https:\/\/feinicko.com\/vnd\/wp-content\/uploads\/2024\/10\/Feinicko-Lookbook-001130.jpg\" class=\"attachment-medium size-medium lazyload\" alt=\"\" ids=\"3121,3119,3118,3120\" style=\"--smush-placeholder-width: 320px; --smush-placeholder-aspect-ratio: 320\/400;normal\" lightbox_image_size=\"original\" type=\"grid\" grid_height=\"700px\" grid_height__sm=\"700px\" col_spacing=\"xsmall\" image_size=\"original\" image_hover=\"zoom\" data-srcset=\"https:\/\/feinicko.com\/vnd\/wp-content\/uploads\/2024\/10\/Feinicko-Lookbook-001130.jpg 2400w, https:\/\/feinicko.com\/vnd\/wp-content\/uploads\/2024\/10\/Feinicko-Lookbook-001130-300x375.jpg 300w, https:\/\/feinicko.com\/vnd\/wp-content\/uploads\/2024\/10\/Feinicko-Lookbook-001130-600x750.jpg 600w\" data-sizes=\"(max-width: 320px) 100vw, 320px\" src=\"data:image\/svg+xml;base64,PHN2ZyB3aWR0aD0iMSIgaGVpZ2h0PSIxIiB4bWxucz0iaHR0cDovL3d3dy53My5vcmcvMjAwMC9zdmciPjwvc3ZnPg==\" \/>                                  <div class=\"overlay fill\"\n                      style=\"background-color: rgba(0,0,0,.15)\">\n                  <\/div>\n                                                              <\/div>\n              <div class=\"box-text text-left dark\" >\n                 <p><\/p>\n              <\/div>\n            <\/div>\n            <\/a>          <\/div>\n         <\/div>\n                 <div class=\"gallery-col col grid-col grid-col-1-2 large-3 medium-6\" >\n          <div class=\"col-inner\">\n            <a class=\"image-lightbox lightbox-gallery\" href=\"https:\/\/feinicko.com\/vnd\/wp-content\/uploads\/2024\/10\/Feinicko-Lookbook-001218.jpg\" title=\"\">            <div class=\"box has-hover gallery-box box-overlay dark box-text-center\">\n              <div class=\"box-image image-zoom\" >\n                <img decoding=\"async\" width=\"320\" height=\"400\" data-src=\"https:\/\/feinicko.com\/vnd\/wp-content\/uploads\/2024\/10\/Feinicko-Lookbook-001218.jpg\" class=\"attachment-medium size-medium lazyload\" alt=\"\" ids=\"3121,3119,3118,3120\" style=\"--smush-placeholder-width: 320px; --smush-placeholder-aspect-ratio: 320\/400;normal\" lightbox_image_size=\"original\" type=\"grid\" grid_height=\"700px\" grid_height__sm=\"700px\" col_spacing=\"xsmall\" image_size=\"original\" image_hover=\"zoom\" data-srcset=\"https:\/\/feinicko.com\/vnd\/wp-content\/uploads\/2024\/10\/Feinicko-Lookbook-001218.jpg 2400w, https:\/\/feinicko.com\/vnd\/wp-content\/uploads\/2024\/10\/Feinicko-Lookbook-001218-300x375.jpg 300w, https:\/\/feinicko.com\/vnd\/wp-content\/uploads\/2024\/10\/Feinicko-Lookbook-001218-600x750.jpg 600w\" data-sizes=\"(max-width: 320px) 100vw, 320px\" src=\"data:image\/svg+xml;base64,PHN2ZyB3aWR0aD0iMSIgaGVpZ2h0PSIxIiB4bWxucz0iaHR0cDovL3d3dy53My5vcmcvMjAwMC9zdmciPjwvc3ZnPg==\" \/>                                  <div class=\"overlay fill\"\n                      style=\"background-color: rgba(0,0,0,.15)\">\n                  <\/div>\n                                                              <\/div>\n              <div class=\"box-text text-left dark\" >\n                 <p><\/p>\n              <\/div>\n            <\/div>\n            <\/a>          <\/div>\n         <\/div>\n         <\/div>\n","protected":false},"excerpt":{"rendered":"<p><span style=\"vertical-align: inherit;\"><span style=\"vertical-align: inherit;\">THI\u1ebeT K\u1ebe B\u1edeI LEWZI<\/span><\/span><\/p>\n<p><span style=\"vertical-align: inherit;\"><span style=\"vertical-align: inherit;\">\u00c1O PH\u00d4NG UNISEX C\u00d3 H\u00ccNH IN \u1ede M\u1eb6T TR\u01af\u1edaC V\u00c0 SAU. <\/span><\/span><br \/>\n<span style=\"vertical-align: inherit;\"><span style=\"vertical-align: inherit;\">V\u1eeaA V\u1eb6N THO\u1ea2I M\u00c1I &amp; QU\u00c1 K\u00cdCH TH\u01af\u1edaC, C\u1ed4 \u00c1O D\u00c0Y. <\/span><\/span><br \/>\n<span style=\"vertical-align: inherit;\"><span style=\"vertical-align: inherit;\">V\u1ea2I COTTON M\u1ec0M 270GSM. <\/span><\/span><br \/>\n<span style=\"vertical-align: inherit;\"><span style=\"vertical-align: inherit;\">H\u00ccNH IN C\u00d3 TH\u1ec2 M\u1edc THEO TH\u1edcI GIAN.<\/span><\/span><\/p>\n<p><span style=\"vertical-align: inherit;\"><span style=\"vertical-align: inherit;\">TH\u00c0NH PH\u1ea6N V\u1eacT LI\u1ec6U <\/span><\/span><br \/>\n<span style=\"vertical-align: inherit;\"><span style=\"vertical-align: inherit;\">100% COT<\/span><\/span><\/p>\n<p><span style=\"vertical-align: inherit;\"><span style=\"vertical-align: inherit;\">TH\u00d4NG TIN V\u1eacN CHUY\u1ec2N <\/span><\/span><br \/>\n<span style=\"vertical-align: inherit;\"><span style=\"vertical-align: inherit;\">THU\u1ebe HO\u1eb6C PH\u00cd B\u1ed4 SUNG (NH\u01af PH\u00cd H\u1ea2I QUAN) C\u00d3 TH\u1ec2 \u0110\u01af\u1ee2C \u00c1P D\u1ee4NG TRONG QU\u00c1 TR\u00ccNH V\u1eacN CHUY\u1ec2N \u0110\u1ebeN C\u00c1C QU\u1ed0C GIA NGO\u00c0I CH\u00c2U \u00c1; CH\u00daNG T\u00d4I KH\u00d4NG CH\u1ecaU HO\u1eb6C KH\u00d4NG THANH TO\u00c1N NH\u1eeeNG KHO\u1ea2N N\u00c0Y; THAY V\u00c0O \u0110\u00d3, B\u1ea0N C\u00d3 TR\u00c1CH NHI\u1ec6M THANH TO\u00c1N TR\u1ef0C TI\u1ebeP CHO C\u00c1C C\u01a0 QUAN H\u1ea2I QUAN HO\u1eb6C C\u01a0 QUAN THU\u1ebe C\u00d3 LI\u00caN QUAN. VUI L\u00d2NG LI\u00caN H\u1ec6 V\u1edaI C\u00c1C C\u01a0 QUAN TH\u00cdCH H\u1ee2P \u0110\u1ec2 BI\u1ebeT TH\u00caM TH\u00d4NG TIN.<\/span><\/span><\/p>\n","protected":false},"featured_media":3172,"comment_status":"open","ping_status":"closed","template":"","meta":[],"product_brand":[],"product_cat":[129,119],"product_tag":[],"class_list":{"0":"post-3047","1":"product","2":"type-product","3":"status-publish","4":"has-post-thumbnail","6":"product_cat-24fw","7":"product_cat-all","9":"first","10":"outofstock","11":"shipping-taxable","12":"purchasable","13":"product-type-variable"},"yoast_head":"<!-- This site is optimized with the Yoast SEO plugin v26.3 - https:\/\/yoast.com\/wordpress\/plugins\/seo\/ -->\n<title>S\u00d6HY T-SHIRT \u201cWHITE\u201d - FEINICK\u00d6<\/title>\n<meta name=\"robots\" content=\"index, follow, max-snippet:-1, max-image-preview:large, max-video-preview:-1\" \/>\n<link rel=\"canonical\" href=\"https:\/\/feinicko.com\/vnd\/products\/sohy-t-shirt-white\" \/>\n<meta property=\"og:locale\" content=\"vi_VN\" \/>\n<meta property=\"og:type\" content=\"article\" \/>\n<meta property=\"og:title\" content=\"S\u00d6HY T-SHIRT \u201cWHITE\u201d - FEINICK\u00d6\" \/>\n<meta property=\"og:description\" content=\"THI\u1ebeT K\u1ebe B\u1edeI LEWZI  \u00c1O PH\u00d4NG UNISEX C\u00d3 H\u00ccNH IN \u1ede M\u1eb6T TR\u01af\u1edaC V\u00c0 SAU.  V\u1eeaA V\u1eb6N THO\u1ea2I M\u00c1I &amp; QU\u00c1 K\u00cdCH TH\u01af\u1edaC, C\u1ed4 \u00c1O D\u00c0Y.  V\u1ea2I COTTON M\u1ec0M 270GSM.  H\u00ccNH IN C\u00d3 TH\u1ec2 M\u1edc THEO TH\u1edcI GIAN.  TH\u00c0NH PH\u1ea6N V\u1eacT LI\u1ec6U  100% COT  TH\u00d4NG TIN V\u1eacN CHUY\u1ec2N  THU\u1ebe HO\u1eb6C PH\u00cd B\u1ed4 SUNG (NH\u01af PH\u00cd H\u1ea2I QUAN) C\u00d3 TH\u1ec2 \u0110\u01af\u1ee2C \u00c1P D\u1ee4NG TRONG QU\u00c1 TR\u00ccNH V\u1eacN CHUY\u1ec2N \u0110\u1ebeN C\u00c1C QU\u1ed0C GIA NGO\u00c0I CH\u00c2U \u00c1; CH\u00daNG T\u00d4I KH\u00d4NG CH\u1ecaU HO\u1eb6C KH\u00d4NG THANH TO\u00c1N NH\u1eeeNG KHO\u1ea2N N\u00c0Y; THAY V\u00c0O \u0110\u00d3, B\u1ea0N C\u00d3 TR\u00c1CH NHI\u1ec6M THANH TO\u00c1N TR\u1ef0C TI\u1ebeP CHO C\u00c1C C\u01a0 QUAN H\u1ea2I QUAN HO\u1eb6C C\u01a0 QUAN THU\u1ebe C\u00d3 LI\u00caN QUAN. VUI L\u00d2NG LI\u00caN H\u1ec6 V\u1edaI C\u00c1C C\u01a0 QUAN TH\u00cdCH H\u1ee2P \u0110\u1ec2 BI\u1ebeT TH\u00caM TH\u00d4NG TIN.\" \/>\n<meta property=\"og:url\" content=\"https:\/\/feinicko.com\/vnd\/products\/sohy-t-shirt-white\" \/>\n<meta property=\"og:site_name\" content=\"FEINICK\u00d6\" \/>\n<meta property=\"article:modified_time\" content=\"2025-06-17T02:25:55+00:00\" \/>\n<meta property=\"og:image\" content=\"https:\/\/feinicko.com\/vnd\/wp-content\/uploads\/2024\/10\/SH_W_1.jpg\" \/>\n\t<meta property=\"og:image:width\" content=\"800\" \/>\n\t<meta property=\"og:image:height\" content=\"800\" \/>\n\t<meta property=\"og:image:type\" content=\"image\/jpeg\" \/>\n<meta name=\"twitter:card\" content=\"summary_large_image\" \/>\n<meta name=\"twitter:label1\" content=\"\u01af\u1edbc t\u00ednh th\u1eddi gian \u0111\u1ecdc\" \/>\n\t<meta name=\"twitter:data1\" content=\"1 ph\u00fat\" \/>\n<script type=\"application\/ld+json\" class=\"yoast-schema-graph\">{\"@context\":\"https:\/\/schema.org\",\"@graph\":[{\"@type\":\"WebPage\",\"@id\":\"https:\/\/feinicko.com\/vnd\/products\/sohy-t-shirt-white\",\"url\":\"https:\/\/feinicko.com\/vnd\/products\/sohy-t-shirt-white\",\"name\":\"S\u00d6HY T-SHIRT \u201cWHITE\u201d - FEINICK\u00d6\",\"isPartOf\":{\"@id\":\"https:\/\/feinicko.com\/vnd\/#website\"},\"primaryImageOfPage\":{\"@id\":\"https:\/\/feinicko.com\/vnd\/products\/sohy-t-shirt-white#primaryimage\"},\"image\":{\"@id\":\"https:\/\/feinicko.com\/vnd\/products\/sohy-t-shirt-white#primaryimage\"},\"thumbnailUrl\":\"https:\/\/feinicko.com\/vnd\/wp-content\/uploads\/2024\/10\/SH_W_1.jpg\",\"datePublished\":\"2024-10-09T17:52:40+00:00\",\"dateModified\":\"2025-06-17T02:25:55+00:00\",\"breadcrumb\":{\"@id\":\"https:\/\/feinicko.com\/vnd\/products\/sohy-t-shirt-white#breadcrumb\"},\"inLanguage\":\"vi\",\"potentialAction\":[{\"@type\":\"ReadAction\",\"target\":[\"https:\/\/feinicko.com\/vnd\/products\/sohy-t-shirt-white\"]}]},{\"@type\":\"ImageObject\",\"inLanguage\":\"vi\",\"@id\":\"https:\/\/feinicko.com\/vnd\/products\/sohy-t-shirt-white#primaryimage\",\"url\":\"https:\/\/feinicko.com\/vnd\/wp-content\/uploads\/2024\/10\/SH_W_1.jpg\",\"contentUrl\":\"https:\/\/feinicko.com\/vnd\/wp-content\/uploads\/2024\/10\/SH_W_1.jpg\",\"width\":3000,\"height\":3000},{\"@type\":\"BreadcrumbList\",\"@id\":\"https:\/\/feinicko.com\/vnd\/products\/sohy-t-shirt-white#breadcrumb\",\"itemListElement\":[{\"@type\":\"ListItem\",\"position\":1,\"name\":\"Home\",\"item\":\"https:\/\/feinicko.com\/vnd\/\"},{\"@type\":\"ListItem\",\"position\":2,\"name\":\"Shop\",\"item\":\"https:\/\/feinicko.com\/vnd\/shop\"},{\"@type\":\"ListItem\",\"position\":3,\"name\":\"S\u00d6HY T-SHIRT \u201cWHITE\u201d\"}]},{\"@type\":\"WebSite\",\"@id\":\"https:\/\/feinicko.com\/vnd\/#website\",\"url\":\"https:\/\/feinicko.com\/vnd\/\",\"name\":\"FEINICK\u00d6\",\"description\":\"ASTR\u00d6FEIN - FW24\",\"potentialAction\":[{\"@type\":\"SearchAction\",\"target\":{\"@type\":\"EntryPoint\",\"urlTemplate\":\"https:\/\/feinicko.com\/vnd\/?s={search_term_string}\"},\"query-input\":{\"@type\":\"PropertyValueSpecification\",\"valueRequired\":true,\"valueName\":\"search_term_string\"}}],\"inLanguage\":\"vi\"}]}<\/script>\n<!-- \/ Yoast SEO plugin. -->","yoast_head_json":{"title":"S\u00d6HY T-SHIRT \u201cWHITE\u201d - FEINICK\u00d6","robots":{"index":"index","follow":"follow","max-snippet":"max-snippet:-1","max-image-preview":"max-image-preview:large","max-video-preview":"max-video-preview:-1"},"canonical":"https:\/\/feinicko.com\/vnd\/products\/sohy-t-shirt-white","og_locale":"vi_VN","og_type":"article","og_title":"S\u00d6HY T-SHIRT \u201cWHITE\u201d - FEINICK\u00d6","og_description":"THI\u1ebeT K\u1ebe B\u1edeI LEWZI  \u00c1O PH\u00d4NG UNISEX C\u00d3 H\u00ccNH IN \u1ede M\u1eb6T TR\u01af\u1edaC V\u00c0 SAU.  V\u1eeaA V\u1eb6N THO\u1ea2I M\u00c1I &amp; QU\u00c1 K\u00cdCH TH\u01af\u1edaC, C\u1ed4 \u00c1O D\u00c0Y.  V\u1ea2I COTTON M\u1ec0M 270GSM.  H\u00ccNH IN C\u00d3 TH\u1ec2 M\u1edc THEO TH\u1edcI GIAN.  TH\u00c0NH PH\u1ea6N V\u1eacT LI\u1ec6U  100% COT  TH\u00d4NG TIN V\u1eacN CHUY\u1ec2N  THU\u1ebe HO\u1eb6C PH\u00cd B\u1ed4 SUNG (NH\u01af PH\u00cd H\u1ea2I QUAN) C\u00d3 TH\u1ec2 \u0110\u01af\u1ee2C \u00c1P D\u1ee4NG TRONG QU\u00c1 TR\u00ccNH V\u1eacN CHUY\u1ec2N \u0110\u1ebeN C\u00c1C QU\u1ed0C GIA NGO\u00c0I CH\u00c2U \u00c1; CH\u00daNG T\u00d4I KH\u00d4NG CH\u1ecaU HO\u1eb6C KH\u00d4NG THANH TO\u00c1N NH\u1eeeNG KHO\u1ea2N N\u00c0Y; THAY V\u00c0O \u0110\u00d3, B\u1ea0N C\u00d3 TR\u00c1CH NHI\u1ec6M THANH TO\u00c1N TR\u1ef0C TI\u1ebeP CHO C\u00c1C C\u01a0 QUAN H\u1ea2I QUAN HO\u1eb6C C\u01a0 QUAN THU\u1ebe C\u00d3 LI\u00caN QUAN. VUI L\u00d2NG LI\u00caN H\u1ec6 V\u1edaI C\u00c1C C\u01a0 QUAN TH\u00cdCH H\u1ee2P \u0110\u1ec2 BI\u1ebeT TH\u00caM TH\u00d4NG TIN.","og_url":"https:\/\/feinicko.com\/vnd\/products\/sohy-t-shirt-white","og_site_name":"FEINICK\u00d6","article_modified_time":"2025-06-17T02:25:55+00:00","og_image":[{"url":"https:\/\/feinicko.com\/vnd\/wp-content\/uploads\/2024\/10\/SH_W_1.jpg","width":800,"height":800,"type":"image\/jpeg"}],"twitter_card":"summary_large_image","twitter_misc":{"\u01af\u1edbc t\u00ednh th\u1eddi gian \u0111\u1ecdc":"1 ph\u00fat"},"schema":{"@context":"https:\/\/schema.org","@graph":[{"@type":"WebPage","@id":"https:\/\/feinicko.com\/vnd\/products\/sohy-t-shirt-white","url":"https:\/\/feinicko.com\/vnd\/products\/sohy-t-shirt-white","name":"S\u00d6HY T-SHIRT \u201cWHITE\u201d - FEINICK\u00d6","isPartOf":{"@id":"https:\/\/feinicko.com\/vnd\/#website"},"primaryImageOfPage":{"@id":"https:\/\/feinicko.com\/vnd\/products\/sohy-t-shirt-white#primaryimage"},"image":{"@id":"https:\/\/feinicko.com\/vnd\/products\/sohy-t-shirt-white#primaryimage"},"thumbnailUrl":"https:\/\/feinicko.com\/vnd\/wp-content\/uploads\/2024\/10\/SH_W_1.jpg","datePublished":"2024-10-09T17:52:40+00:00","dateModified":"2025-06-17T02:25:55+00:00","breadcrumb":{"@id":"https:\/\/feinicko.com\/vnd\/products\/sohy-t-shirt-white#breadcrumb"},"inLanguage":"vi","potentialAction":[{"@type":"ReadAction","target":["https:\/\/feinicko.com\/vnd\/products\/sohy-t-shirt-white"]}]},{"@type":"ImageObject","inLanguage":"vi","@id":"https:\/\/feinicko.com\/vnd\/products\/sohy-t-shirt-white#primaryimage","url":"https:\/\/feinicko.com\/vnd\/wp-content\/uploads\/2024\/10\/SH_W_1.jpg","contentUrl":"https:\/\/feinicko.com\/vnd\/wp-content\/uploads\/2024\/10\/SH_W_1.jpg","width":3000,"height":3000},{"@type":"BreadcrumbList","@id":"https:\/\/feinicko.com\/vnd\/products\/sohy-t-shirt-white#breadcrumb","itemListElement":[{"@type":"ListItem","position":1,"name":"Home","item":"https:\/\/feinicko.com\/vnd\/"},{"@type":"ListItem","position":2,"name":"Shop","item":"https:\/\/feinicko.com\/vnd\/shop"},{"@type":"ListItem","position":3,"name":"S\u00d6HY T-SHIRT \u201cWHITE\u201d"}]},{"@type":"WebSite","@id":"https:\/\/feinicko.com\/vnd\/#website","url":"https:\/\/feinicko.com\/vnd\/","name":"FEINICK\u00d6","description":"ASTR\u00d6FEIN - FW24","potentialAction":[{"@type":"SearchAction","target":{"@type":"EntryPoint","urlTemplate":"https:\/\/feinicko.com\/vnd\/?s={search_term_string}"},"query-input":{"@type":"PropertyValueSpecification","valueRequired":true,"valueName":"search_term_string"}}],"inLanguage":"vi"}]}},"_links":{"self":[{"href":"https:\/\/feinicko.com\/vnd\/wp-json\/wp\/v2\/product\/3047","targetHints":{"allow":["GET"]}}],"collection":[{"href":"https:\/\/feinicko.com\/vnd\/wp-json\/wp\/v2\/product"}],"about":[{"href":"https:\/\/feinicko.com\/vnd\/wp-json\/wp\/v2\/types\/product"}],"replies":[{"embeddable":true,"href":"https:\/\/feinicko.com\/vnd\/wp-json\/wp\/v2\/comments?post=3047"}],"wp:featuredmedia":[{"embeddable":true,"href":"https:\/\/feinicko.com\/vnd\/wp-json\/wp\/v2\/media\/3172"}],"wp:attachment":[{"href":"https:\/\/feinicko.com\/vnd\/wp-json\/wp\/v2\/media?parent=3047"}],"wp:term":[{"taxonomy":"product_brand","embeddable":true,"href":"https:\/\/feinicko.com\/vnd\/wp-json\/wp\/v2\/product_brand?post=3047"},{"taxonomy":"product_cat","embeddable":true,"href":"https:\/\/feinicko.com\/vnd\/wp-json\/wp\/v2\/product_cat?post=3047"},{"taxonomy":"product_tag","embeddable":true,"href":"https:\/\/feinicko.com\/vnd\/wp-json\/wp\/v2\/product_tag?post=3047"}],"curies":[{"name":"wp","href":"https:\/\/api.w.org\/{rel}","templated":true}]}}