{"id":3707,"date":"2026-03-06T19:30:55","date_gmt":"2026-03-06T12:30:55","guid":{"rendered":"https:\/\/feinicko.com\/vnd\/?post_type=product&#038;p=3707"},"modified":"2026-03-06T19:04:58","modified_gmt":"2026-03-06T12:04:58","slug":"gemstone-logo-belt-black","status":"publish","type":"product","link":"https:\/\/feinicko.com\/vnd\/products\/gemstone-logo-belt-black","title":{"rendered":"GEMSTONE LOGO BELT &#8220;BLACK&#8221;"},"content":{"rendered":"","protected":false},"excerpt":{"rendered":"<p data-start=\"0\" data-end=\"195\">TH\u1eaeT L\u01afNG CAO C\u1ea4P V\u1edaI KH\u00d3A LOGO FEINICK\u00d6 \u0110\u01af\u1ee2C \u0110\u00daC T\u1eea KIM LO\u1ea0I NGUY\u00caN KH\u1ed0I V\u00c0 \u0110\u00cdNH C\u00c1C VI\u00caN \u0110\u00c1 NHI\u1ec0U M\u00c0U. K\u1ebeT H\u1ee2P C\u00d9NG D\u00c2Y DA D\u1eacP V\u00c2N B\u00d2 S\u00c1T, \u0110\u01af\u1ee2C THI\u1ebeT K\u1ebe \u0110\u1ec2 T\u1ea0O \u0110I\u1ec2M NH\u1ea4N N\u1ed4I B\u1eacT CHO M\u1eccI OUTFIT.<\/p>\n<p data-start=\"197\" data-end=\"370\">PRODUCT INFORMATION<br data-start=\"216\" data-end=\"219\" \/>BUCKLE: KH\u00d3A KIM LO\u1ea0I \u0110\u00daC NGUY\u00caN KH\u1ed0I \u0110\u00cdNH \u0110\u00c1 TRANG TR\u00cd<br data-start=\"274\" data-end=\"277\" \/>STRAP: DA D\u1eacP V\u00c2N B\u00d2 S\u00c1T<br data-start=\"301\" data-end=\"304\" \/>WIDTH: 35MM<br data-start=\"315\" data-end=\"318\" \/>FIT: C\u00d3 TH\u1ec2 \u0110I\u1ec0U CH\u1ec8NH \/ PH\u00d9 H\u1ee2P V\u1edaI H\u1ea6U H\u1ebeT V\u00d2NG EO<\/p>\n<p data-start=\"372\" data-end=\"559\">PRODUCT DETAILS<br data-start=\"387\" data-end=\"390\" \/>KH\u00d3A LOGO FEINICK\u00d6 B\u1eb0NG KIM LO\u1ea0I \u0110\u00daC NGUY\u00caN KH\u1ed0I<br data-start=\"438\" data-end=\"441\" \/>\u0110\u00cdNH \u0110\u00c1 NHI\u1ec0U M\u00c0U<br data-start=\"458\" data-end=\"461\" \/>D\u00c2Y DA D\u1eacP V\u00c2N B\u00d2 S\u00c1T<br data-start=\"482\" data-end=\"485\" \/>PH\u1ee4 KI\u1ec6N KIM LO\u1ea0I \u0110\u00c1NH B\u00d3NG<br data-start=\"512\" data-end=\"515\" \/>C\u00d3 TH\u1ec2 \u0110I\u1ec0U CH\u1ec8NH K\u00cdCH TH\u01af\u1edaC<br data-start=\"543\" data-end=\"546\" \/>B\u1ea2N D\u00c2Y: 35MM<\/p>\n<p data-start=\"561\" data-end=\"620\" data-is-last-node=\"\" data-is-only-node=\"\">STRAP: DA D\u1eacP V\u00c2N B\u00d2 S\u00c1T<br data-start=\"585\" data-end=\"588\" \/>BUCKLE: KIM LO\u1ea0I \u0110\u00daC NGUY\u00caN KH\u1ed0I<\/p>\n","protected":false},"featured_media":3697,"comment_status":"closed","ping_status":"closed","template":"","meta":[],"product_brand":[],"product_cat":[153,120,119,127],"product_tag":[],"class_list":{"0":"post-3707","1":"product","2":"type-product","3":"status-publish","4":"has-post-thumbnail","6":"product_cat-26ss-gemma","7":"product_cat-accessories","8":"product_cat-all","9":"product_cat-collection","11":"first","12":"instock","13":"shipping-taxable","14":"purchasable","15":"product-type-variable"},"yoast_head":"<!-- This site is optimized with the Yoast SEO plugin v26.3 - https:\/\/yoast.com\/wordpress\/plugins\/seo\/ -->\n<title>GEMSTONE LOGO BELT &quot;BLACK&quot; - FEINICK\u00d6<\/title>\n<meta name=\"robots\" content=\"index, follow, max-snippet:-1, max-image-preview:large, max-video-preview:-1\" \/>\n<link rel=\"canonical\" href=\"https:\/\/feinicko.com\/vnd\/products\/gemstone-logo-belt-black\" \/>\n<meta property=\"og:locale\" content=\"vi_VN\" \/>\n<meta property=\"og:type\" content=\"article\" \/>\n<meta property=\"og:title\" content=\"GEMSTONE LOGO BELT &quot;BLACK&quot; - FEINICK\u00d6\" \/>\n<meta property=\"og:description\" content=\"TH\u1eaeT L\u01afNG CAO C\u1ea4P V\u1edaI KH\u00d3A LOGO FEINICK\u00d6 \u0110\u01af\u1ee2C \u0110\u00daC T\u1eea KIM LO\u1ea0I NGUY\u00caN KH\u1ed0I V\u00c0 \u0110\u00cdNH C\u00c1C VI\u00caN \u0110\u00c1 NHI\u1ec0U M\u00c0U. K\u1ebeT H\u1ee2P C\u00d9NG D\u00c2Y DA D\u1eacP V\u00c2N B\u00d2 S\u00c1T, \u0110\u01af\u1ee2C THI\u1ebeT K\u1ebe \u0110\u1ec2 T\u1ea0O \u0110I\u1ec2M NH\u1ea4N N\u1ed4I B\u1eacT CHO M\u1eccI OUTFIT. PRODUCT INFORMATIONBUCKLE: KH\u00d3A KIM LO\u1ea0I \u0110\u00daC NGUY\u00caN KH\u1ed0I \u0110\u00cdNH \u0110\u00c1 TRANG TR\u00cdSTRAP: DA D\u1eacP V\u00c2N B\u00d2 S\u00c1TWIDTH: 35MMFIT: C\u00d3 TH\u1ec2 \u0110I\u1ec0U CH\u1ec8NH \/ PH\u00d9 H\u1ee2P V\u1edaI H\u1ea6U H\u1ebeT V\u00d2NG EO PRODUCT DETAILSKH\u00d3A LOGO FEINICK\u00d6 B\u1eb0NG KIM LO\u1ea0I \u0110\u00daC NGUY\u00caN KH\u1ed0I\u0110\u00cdNH \u0110\u00c1 NHI\u1ec0U M\u00c0UD\u00c2Y DA D\u1eacP V\u00c2N B\u00d2 S\u00c1TPH\u1ee4 KI\u1ec6N KIM LO\u1ea0I \u0110\u00c1NH B\u00d3NGC\u00d3 TH\u1ec2 \u0110I\u1ec0U CH\u1ec8NH K\u00cdCH TH\u01af\u1edaCB\u1ea2N D\u00c2Y: 35MM STRAP: DA D\u1eacP V\u00c2N B\u00d2 S\u00c1TBUCKLE: KIM LO\u1ea0I \u0110\u00daC NGUY\u00caN KH\u1ed0I\" \/>\n<meta property=\"og:url\" content=\"https:\/\/feinicko.com\/vnd\/products\/gemstone-logo-belt-black\" \/>\n<meta property=\"og:site_name\" content=\"FEINICK\u00d6\" \/>\n<meta property=\"og:image\" content=\"https:\/\/feinicko.com\/vnd\/wp-content\/uploads\/2026\/03\/LEATHER-BELT-BLACK-1.png\" \/>\n\t<meta property=\"og:image:width\" content=\"3000\" \/>\n\t<meta property=\"og:image:height\" content=\"3000\" \/>\n\t<meta property=\"og:image:type\" content=\"image\/png\" \/>\n<meta name=\"twitter:card\" content=\"summary_large_image\" \/>\n<meta name=\"twitter:label1\" content=\"\u01af\u1edbc t\u00ednh th\u1eddi gian \u0111\u1ecdc\" \/>\n\t<meta name=\"twitter:data1\" content=\"1 ph\u00fat\" \/>\n<script type=\"application\/ld+json\" class=\"yoast-schema-graph\">{\"@context\":\"https:\/\/schema.org\",\"@graph\":[{\"@type\":\"WebPage\",\"@id\":\"https:\/\/feinicko.com\/vnd\/products\/gemstone-logo-belt-black\",\"url\":\"https:\/\/feinicko.com\/vnd\/products\/gemstone-logo-belt-black\",\"name\":\"GEMSTONE LOGO BELT \\\"BLACK\\\" - FEINICK\u00d6\",\"isPartOf\":{\"@id\":\"https:\/\/feinicko.com\/vnd\/#website\"},\"primaryImageOfPage\":{\"@id\":\"https:\/\/feinicko.com\/vnd\/products\/gemstone-logo-belt-black#primaryimage\"},\"image\":{\"@id\":\"https:\/\/feinicko.com\/vnd\/products\/gemstone-logo-belt-black#primaryimage\"},\"thumbnailUrl\":\"https:\/\/feinicko.com\/vnd\/wp-content\/uploads\/2026\/03\/LEATHER-BELT-BLACK-1.png\",\"datePublished\":\"2026-03-06T12:30:55+00:00\",\"breadcrumb\":{\"@id\":\"https:\/\/feinicko.com\/vnd\/products\/gemstone-logo-belt-black#breadcrumb\"},\"inLanguage\":\"vi\",\"potentialAction\":[{\"@type\":\"ReadAction\",\"target\":[\"https:\/\/feinicko.com\/vnd\/products\/gemstone-logo-belt-black\"]}]},{\"@type\":\"ImageObject\",\"inLanguage\":\"vi\",\"@id\":\"https:\/\/feinicko.com\/vnd\/products\/gemstone-logo-belt-black#primaryimage\",\"url\":\"https:\/\/feinicko.com\/vnd\/wp-content\/uploads\/2026\/03\/LEATHER-BELT-BLACK-1.png\",\"contentUrl\":\"https:\/\/feinicko.com\/vnd\/wp-content\/uploads\/2026\/03\/LEATHER-BELT-BLACK-1.png\",\"width\":3000,\"height\":3000},{\"@type\":\"BreadcrumbList\",\"@id\":\"https:\/\/feinicko.com\/vnd\/products\/gemstone-logo-belt-black#breadcrumb\",\"itemListElement\":[{\"@type\":\"ListItem\",\"position\":1,\"name\":\"Home\",\"item\":\"https:\/\/feinicko.com\/vnd\/\"},{\"@type\":\"ListItem\",\"position\":2,\"name\":\"Shop\",\"item\":\"https:\/\/feinicko.com\/vnd\/shop\"},{\"@type\":\"ListItem\",\"position\":3,\"name\":\"GEMSTONE LOGO BELT &#8220;BLACK&#8221;\"}]},{\"@type\":\"WebSite\",\"@id\":\"https:\/\/feinicko.com\/vnd\/#website\",\"url\":\"https:\/\/feinicko.com\/vnd\/\",\"name\":\"FEINICK\u00d6\",\"description\":\"ASTR\u00d6FEIN - FW24\",\"potentialAction\":[{\"@type\":\"SearchAction\",\"target\":{\"@type\":\"EntryPoint\",\"urlTemplate\":\"https:\/\/feinicko.com\/vnd\/?s={search_term_string}\"},\"query-input\":{\"@type\":\"PropertyValueSpecification\",\"valueRequired\":true,\"valueName\":\"search_term_string\"}}],\"inLanguage\":\"vi\"}]}<\/script>\n<!-- \/ Yoast SEO plugin. -->","yoast_head_json":{"title":"GEMSTONE LOGO BELT \"BLACK\" - FEINICK\u00d6","robots":{"index":"index","follow":"follow","max-snippet":"max-snippet:-1","max-image-preview":"max-image-preview:large","max-video-preview":"max-video-preview:-1"},"canonical":"https:\/\/feinicko.com\/vnd\/products\/gemstone-logo-belt-black","og_locale":"vi_VN","og_type":"article","og_title":"GEMSTONE LOGO BELT \"BLACK\" - FEINICK\u00d6","og_description":"TH\u1eaeT L\u01afNG CAO C\u1ea4P V\u1edaI KH\u00d3A LOGO FEINICK\u00d6 \u0110\u01af\u1ee2C \u0110\u00daC T\u1eea KIM LO\u1ea0I NGUY\u00caN KH\u1ed0I V\u00c0 \u0110\u00cdNH C\u00c1C VI\u00caN \u0110\u00c1 NHI\u1ec0U M\u00c0U. K\u1ebeT H\u1ee2P C\u00d9NG D\u00c2Y DA D\u1eacP V\u00c2N B\u00d2 S\u00c1T, \u0110\u01af\u1ee2C THI\u1ebeT K\u1ebe \u0110\u1ec2 T\u1ea0O \u0110I\u1ec2M NH\u1ea4N N\u1ed4I B\u1eacT CHO M\u1eccI OUTFIT. PRODUCT INFORMATIONBUCKLE: KH\u00d3A KIM LO\u1ea0I \u0110\u00daC NGUY\u00caN KH\u1ed0I \u0110\u00cdNH \u0110\u00c1 TRANG TR\u00cdSTRAP: DA D\u1eacP V\u00c2N B\u00d2 S\u00c1TWIDTH: 35MMFIT: C\u00d3 TH\u1ec2 \u0110I\u1ec0U CH\u1ec8NH \/ PH\u00d9 H\u1ee2P V\u1edaI H\u1ea6U H\u1ebeT V\u00d2NG EO PRODUCT DETAILSKH\u00d3A LOGO FEINICK\u00d6 B\u1eb0NG KIM LO\u1ea0I \u0110\u00daC NGUY\u00caN KH\u1ed0I\u0110\u00cdNH \u0110\u00c1 NHI\u1ec0U M\u00c0UD\u00c2Y DA D\u1eacP V\u00c2N B\u00d2 S\u00c1TPH\u1ee4 KI\u1ec6N KIM LO\u1ea0I \u0110\u00c1NH B\u00d3NGC\u00d3 TH\u1ec2 \u0110I\u1ec0U CH\u1ec8NH K\u00cdCH TH\u01af\u1edaCB\u1ea2N D\u00c2Y: 35MM STRAP: DA D\u1eacP V\u00c2N B\u00d2 S\u00c1TBUCKLE: KIM LO\u1ea0I \u0110\u00daC NGUY\u00caN KH\u1ed0I","og_url":"https:\/\/feinicko.com\/vnd\/products\/gemstone-logo-belt-black","og_site_name":"FEINICK\u00d6","og_image":[{"width":3000,"height":3000,"url":"https:\/\/feinicko.com\/vnd\/wp-content\/uploads\/2026\/03\/LEATHER-BELT-BLACK-1.png","type":"image\/png"}],"twitter_card":"summary_large_image","twitter_misc":{"\u01af\u1edbc t\u00ednh th\u1eddi gian \u0111\u1ecdc":"1 ph\u00fat"},"schema":{"@context":"https:\/\/schema.org","@graph":[{"@type":"WebPage","@id":"https:\/\/feinicko.com\/vnd\/products\/gemstone-logo-belt-black","url":"https:\/\/feinicko.com\/vnd\/products\/gemstone-logo-belt-black","name":"GEMSTONE LOGO BELT \"BLACK\" - FEINICK\u00d6","isPartOf":{"@id":"https:\/\/feinicko.com\/vnd\/#website"},"primaryImageOfPage":{"@id":"https:\/\/feinicko.com\/vnd\/products\/gemstone-logo-belt-black#primaryimage"},"image":{"@id":"https:\/\/feinicko.com\/vnd\/products\/gemstone-logo-belt-black#primaryimage"},"thumbnailUrl":"https:\/\/feinicko.com\/vnd\/wp-content\/uploads\/2026\/03\/LEATHER-BELT-BLACK-1.png","datePublished":"2026-03-06T12:30:55+00:00","breadcrumb":{"@id":"https:\/\/feinicko.com\/vnd\/products\/gemstone-logo-belt-black#breadcrumb"},"inLanguage":"vi","potentialAction":[{"@type":"ReadAction","target":["https:\/\/feinicko.com\/vnd\/products\/gemstone-logo-belt-black"]}]},{"@type":"ImageObject","inLanguage":"vi","@id":"https:\/\/feinicko.com\/vnd\/products\/gemstone-logo-belt-black#primaryimage","url":"https:\/\/feinicko.com\/vnd\/wp-content\/uploads\/2026\/03\/LEATHER-BELT-BLACK-1.png","contentUrl":"https:\/\/feinicko.com\/vnd\/wp-content\/uploads\/2026\/03\/LEATHER-BELT-BLACK-1.png","width":3000,"height":3000},{"@type":"BreadcrumbList","@id":"https:\/\/feinicko.com\/vnd\/products\/gemstone-logo-belt-black#breadcrumb","itemListElement":[{"@type":"ListItem","position":1,"name":"Home","item":"https:\/\/feinicko.com\/vnd\/"},{"@type":"ListItem","position":2,"name":"Shop","item":"https:\/\/feinicko.com\/vnd\/shop"},{"@type":"ListItem","position":3,"name":"GEMSTONE LOGO BELT &#8220;BLACK&#8221;"}]},{"@type":"WebSite","@id":"https:\/\/feinicko.com\/vnd\/#website","url":"https:\/\/feinicko.com\/vnd\/","name":"FEINICK\u00d6","description":"ASTR\u00d6FEIN - FW24","potentialAction":[{"@type":"SearchAction","target":{"@type":"EntryPoint","urlTemplate":"https:\/\/feinicko.com\/vnd\/?s={search_term_string}"},"query-input":{"@type":"PropertyValueSpecification","valueRequired":true,"valueName":"search_term_string"}}],"inLanguage":"vi"}]}},"_links":{"self":[{"href":"https:\/\/feinicko.com\/vnd\/wp-json\/wp\/v2\/product\/3707","targetHints":{"allow":["GET"]}}],"collection":[{"href":"https:\/\/feinicko.com\/vnd\/wp-json\/wp\/v2\/product"}],"about":[{"href":"https:\/\/feinicko.com\/vnd\/wp-json\/wp\/v2\/types\/product"}],"replies":[{"embeddable":true,"href":"https:\/\/feinicko.com\/vnd\/wp-json\/wp\/v2\/comments?post=3707"}],"wp:featuredmedia":[{"embeddable":true,"href":"https:\/\/feinicko.com\/vnd\/wp-json\/wp\/v2\/media\/3697"}],"wp:attachment":[{"href":"https:\/\/feinicko.com\/vnd\/wp-json\/wp\/v2\/media?parent=3707"}],"wp:term":[{"taxonomy":"product_brand","embeddable":true,"href":"https:\/\/feinicko.com\/vnd\/wp-json\/wp\/v2\/product_brand?post=3707"},{"taxonomy":"product_cat","embeddable":true,"href":"https:\/\/feinicko.com\/vnd\/wp-json\/wp\/v2\/product_cat?post=3707"},{"taxonomy":"product_tag","embeddable":true,"href":"https:\/\/feinicko.com\/vnd\/wp-json\/wp\/v2\/product_tag?post=3707"}],"curies":[{"name":"wp","href":"https:\/\/api.w.org\/{rel}","templated":true}]}}